{"id":3820,"date":"2020-07-26T15:26:48","date_gmt":"2020-07-26T13:26:48","guid":{"rendered":"http:\/\/segreterie.unica.it\/scienzepolitiche\/?page_id=3820"},"modified":"2021-07-05T09:08:14","modified_gmt":"2021-07-05T07:08:14","slug":"tri-studente-esonerato","status":"publish","type":"page","link":"https:\/\/segreterie.unica.it\/scienzepolitiche\/tri-studente-esonerato\/","title":{"rendered":"TRI studente esonerato"},"content":{"rendered":"<p>Sei esonerato dalla prova di verifica della preparazione iniziale se:<\/p>\n<ol>\n<li>hai gi\u00e0 sostenuto o superato, in passato, la prova di verifica della preparazione iniziale nella Facolt\u00e0 di Scienze Economiche, Giuridiche e Politiche di Cagliari;<\/li>\n<li>se sei gi\u00e0 in possesso di una laurea;<\/li>\n<li>se intendi trasferirti da altro Ateneo, se provenienti dalle Classi di Laurea L-14, L-19, L-18, L-20, L-24, L-33, L-36 e LMG01;<\/li>\n<li>se hai gi\u00e0 sostenuto, in passato, una prova TOLC CISIA (TOLC-E, B, F, S, I)<\/li>\n<\/ol>\n<p>&nbsp;<\/p>\n<p>Per avvalerti dell\u2019esonero dalla prova, dovrai inviare una\u00a0<strong>comunicazione scritta (<\/strong><a href=\"https:\/\/people.unica.it\/scienzepolitiche\/files\/2021\/07\/Istanza-di-esonero-dal-TOLC_E.pdf\"><strong><u>Fac-simile-di-istanza-di-esonero-dal TOLC<\/u><\/strong><\/a>\u00a0alla\u00a0Segreteria Studenti, al seguente indirizzo e-mail segrstudscpol@unica.it entro le ore 12 del 15 settembre.<\/p>\n<p>&nbsp;<\/p>\n<p>Dovrai quindi:<\/p>\n<ul>\n<li>iscriverti dal <strong>5 luglio 2021 fino al 15 settembre 2021<\/strong> alla PROVA DI VALUTAZIONE sul portale dell\u2019Ateneo collegandoti al sito www.unica.it &gt; Accedi &gt; Esse3 studenti e docenti. Dopo aver eseguito l\u2019accesso, selezioni nel menu a destra Segreteria &gt; Test di valutazione &gt; Iscrizione concorso &gt; Corsi di laurea e scegli il corso di laurea cui vuoi accedere e completi la domanda di iscrizione al concorso. L\u2019iscrizione alla prova di valutazione sui \u201cServizi online agli studenti\u201d del sito www.unica.it \u00e8 indispensabile per la fase successiva inerente la domanda di immatricolazione per trasferimento in ingresso<\/li>\n<li>compilare la domanda di immatricolazione per trasferimento in ingresso esclusivamente online accedendo alla tua area riservata dal 13 settembre al 30 settembre 2021.<\/li>\n<\/ul>\n<p align=\"LEFT\">\n","protected":false},"excerpt":{"rendered":"<p>Sei esonerato dalla prova di verifica della preparazione iniziale se: hai gi\u00e0 sostenuto o superato, in passato, la prova di verifica della preparazione iniziale nella Facolt\u00e0 di Scienze Economiche, Giuridiche e Politiche di Cagliari; se sei gi\u00e0 in possesso di una laurea; se intendi trasferirti da altro Ateneo, se provenienti dalle Classi di Laurea L-14, L-19, L-18, L-20, L-24, L-33, L-36 e LMG01; se hai gi\u00e0 sostenuto, in passato, una prova TOLC CISIA (TOLC-E, B, F, S, I) &nbsp; Per avvalerti dell\u2019esonero dalla prova, dovrai inviare una\u00a0comunicazione scritta (Fac-simile-di-istanza-di-esonero-dal TOLC\u00a0alla\u00a0Segreteria Studenti, al seguente indirizzo e-mail segrstudscpol@unica.it entro le ore 12 <a href='https:\/\/segreterie.unica.it\/scienzepolitiche\/tri-studente-esonerato\/' class='excerpt-more'>[&#8230;]<\/a><\/p>\n","protected":false},"author":2426,"featured_media":0,"parent":0,"menu_order":0,"comment_status":"closed","ping_status":"closed","template":"","meta":{"footnotes":""},"class_list":["post-3820","page","type-page","status-publish","hentry","post-seq-1","post-parity-odd","meta-position-corners","fix"],"_links":{"self":[{"href":"https:\/\/segreterie.unica.it\/scienzepolitiche\/wp-json\/wp\/v2\/pages\/3820","targetHints":{"allow":["GET"]}}],"collection":[{"href":"https:\/\/segreterie.unica.it\/scienzepolitiche\/wp-json\/wp\/v2\/pages"}],"about":[{"href":"https:\/\/segreterie.unica.it\/scienzepolitiche\/wp-json\/wp\/v2\/types\/page"}],"author":[{"embeddable":true,"href":"https:\/\/segreterie.unica.it\/scienzepolitiche\/wp-json\/wp\/v2\/users\/2426"}],"replies":[{"embeddable":true,"href":"https:\/\/segreterie.unica.it\/scienzepolitiche\/wp-json\/wp\/v2\/comments?post=3820"}],"version-history":[{"count":4,"href":"https:\/\/segreterie.unica.it\/scienzepolitiche\/wp-json\/wp\/v2\/pages\/3820\/revisions"}],"predecessor-version":[{"id":4006,"href":"https:\/\/segreterie.unica.it\/scienzepolitiche\/wp-json\/wp\/v2\/pages\/3820\/revisions\/4006"}],"wp:attachment":[{"href":"https:\/\/segreterie.unica.it\/scienzepolitiche\/wp-json\/wp\/v2\/media?parent=3820"}],"curies":[{"name":"wp","href":"https:\/\/api.w.org\/{rel}","templated":true}]}}