{"id":3738,"date":"2020-07-14T18:59:29","date_gmt":"2020-07-14T16:59:29","guid":{"rendered":"http:\/\/segreterie.unica.it\/scienzepolitiche\/?page_id=3738"},"modified":"2025-09-09T14:49:44","modified_gmt":"2025-09-09T12:49:44","slug":"passaggi-ai-corsi-ad-accesso-libero","status":"publish","type":"page","link":"https:\/\/segreterie.unica.it\/scienzepolitiche\/passaggi-ai-corsi-ad-accesso-libero\/","title":{"rendered":"Passaggi di corso"},"content":{"rendered":"<p><strong><span style=\"color: #000000\"><span style=\"font-family: Titillium Web, sans-serif\"><span style=\"font-size: medium\">A) Corsi di laurea triennale<br \/>\n<\/span><\/span><\/span><\/strong>Se vuoi fare il passaggio a un corso di laurea triennale in Scienze Politiche o in Scienze dell\u2019Amministrazione e dell\u2019Organizzazione devi verificare se e con quali modalit\u00e0 dovrai sostenere la prova di verifica della preparazione iniziale attraverso il Tolc SPS in modalit\u00e0 TEST@CASA o Test all&#8217;Universit\u00e0.<\/p>\n<p><a href=\"https:\/\/segreterie.unica.it\/scienzepolitiche\/studente-esonerato-cosa-devi-fare-3\/\"><span style=\"color: #000080\"><span style=\"font-family: Titillium Web, sans-serif\"><span style=\"font-size: medium\">Studente esonerato: cosa devi fare<\/span><\/span><\/span><\/a><\/p>\n<p><a href=\"https:\/\/segreterie.unica.it\/scienzepolitiche\/studente-non-esonerato-casa-devi-fare\/\"><span style=\"color: #000000\"><span style=\"font-family: Titillium Web, sans-serif\"><span style=\"font-size: medium\"><span style=\"color: #000080\">Studente non esonerato: cosa devi fare<\/span> <\/span><\/span><\/span><\/a><\/p>\n<p>&nbsp;<\/p>\n<p><strong><span style=\"color: #000000\"><span style=\"font-family: Titillium Web, sans-serif\"><span style=\"font-size: medium\">B) Corsi di laurea magistrale <\/span><\/span><\/span><\/strong><span style=\"color: #000000\"><span style=\"font-family: Titillium Web, sans-serif\"><span style=\"font-size: medium\"><br \/>\n<\/span><\/span><\/span><span style=\"color: #000000\"><span style=\"font-family: Titillium Web, sans-serif\"><span style=\"font-size: medium\">Se vuoi<\/span><\/span><\/span><span style=\"color: #000000\"><span style=\"font-family: Titillium Web, sans-serif\"><span style=\"font-size: medium\"> fare il passaggio a un corso di laurea magistrale devi preventivamente verificare se possiedi requisiti curriculari e preparazione personale adeguata. Solo dopo potrai presentare domanda di passaggio.<\/span><\/span><\/span><\/p>\n<p>Clicca <strong><a href=\"https:\/\/segreterie.unica.it\/scienzepolitiche\/cosa-fare-per-fare-passaggio-ad-un-corso-di-laurea-maglistrale\/\">qui<\/a> <\/strong>per sapere cosa fare<\/p>\n<p>&nbsp;<\/p>\n<p><strong>Procedure e scadenze valide per i passaggio di corso<\/strong><\/p>\n<p>\ud83d\udcc5\u00a0<strong>Quando presentare la domanda di passaggio di corso<\/strong><\/p>\n<ul>\n<li>Dal 1\u00b0 settembre al 30 settembre 2025, per i passaggi ad un corso di laurea<\/li>\n<li>Decorsi 3 gg dalla pubblicazione degli esiti della prova e fino al 30 settembre 2025, per i passaggi ad un corso di laurea magistrale<\/li>\n<\/ul>\n<p>&nbsp;<\/p>\n<p><strong>\ud83d\udccc<\/strong><strong> Condizioni<\/strong><\/p>\n<ul>\n<li>Il passaggio \u00e8 consentito solo verso <strong>corsi attivi nell\u2019A.A. 2025\/2026<\/strong><\/li>\n<li>\u00c8 possibile anche verso <strong>anni attivi di corsi disattivati<\/strong> (riforma DD.MM. 1648-1649 del 19\/12\/2023)<\/li>\n<li>Il passaggio decorre dalla <strong>data di presentazione della domanda<\/strong><\/li>\n<\/ul>\n<p><strong>\u00a0<\/strong><\/p>\n<p><strong>\ud83d\udd01<\/strong><strong> Come presentare domanda di passaggio di corso<\/strong><\/p>\n<ol>\n<li><strong>Presenta la domanda di passaggio online<\/strong> Vai su <strong>Esse3 &gt; Login &gt; Men\u00f9 &gt; Carriera &gt; Passaggio di corso<\/strong> Seleziona il nuovo corso e completa la procedura.<\/li>\n<li><strong>Compila il file Excel preformattato.\u00a0<\/strong>Scarica il file <strong>CHE TROVI\u00a0<a href=\"https:\/\/view.officeapps.live.com\/op\/view.aspx?src=https%3A%2F%2Fsegreterie.unica.it%2Fscienzepolitiche%2Ffiles%2F2025%2F05%2FREV_FORM-CONVALIDE-cds-POLITICI_REV-6.5.2025.xlsx&amp;wdOrigin=BROWSELINK\">QUI:\u00a0<\/a>i<\/strong>nserisci gli esami da convalidare e altre informazioni utili; rinomina il file cos\u00ec: Pass_2025_26_Nome_COGNOME_Corso <em>(es. Pass_2025_26_Mario_Rossi_Scienze Politiche)<\/em><\/li>\n<li><strong>Invia una mail alla Segreteria Studenti<\/strong> Allega il file Excel con l\u2019elenco degli esami da convalidare. e contestualmente c<strong>arica il file Excel su Esse3<\/strong> Vai su <strong>Carriera &gt; Allegati<\/strong> e carica il documento.<\/li>\n<\/ol>\n<p>\u26a0\ufe0f <em>Domande inviate con modalit\u00e0 diverse non saranno accettate.<\/em><\/p>\n<p><strong>\u00a0 \u00a0 \u00a04. Effettua i pagamenti della t<\/strong>assa di passaggio, Imposta di bollo e prima rata delle tasse A.A. 2025\/26<\/p>\n<p>&nbsp;<\/p>\n<p><strong>\ud83d\udce9<\/strong><strong> Attesa della delibera e convalida esami<\/strong><\/p>\n<ul>\n<li>Dopo la domanda, attendi comunicazione dalla Segreteria Studenti sull\u2019esito della delibera assunta dalla s<strong>truttura didattica che decide<\/strong>\u00a0sulle convalide richieste<\/li>\n<\/ul>\n<ul>\n<li>Hai <strong>15 giorni<\/strong> per accettare o rifiutare la delibera. I 15 giorni decorrono dalla comunicazione della delibera da parte della Segreteria studenti: in caso di mancata risposta, il silenzio vale come accettazione:\u00a0Se rifiuti, il passaggio <strong>non avr\u00e0 effetto<\/strong><\/li>\n<\/ul>\n<p><strong>\ud83d\udcda<\/strong><strong> Esami sostenibili durante l\u2019attesa<\/strong><\/p>\n<ul>\n<li>Puoi sostenere <strong>fino a 2 insegnamenti<\/strong> del nuovo corso<\/li>\n<li>Se rifiuti il passaggio, gli esami non coerenti con il vecchio corso saranno registrati <strong>in sovrannumero<\/strong><\/li>\n<\/ul>\n<p>&nbsp;<\/p>\n<p>&nbsp;<\/p>\n","protected":false},"excerpt":{"rendered":"<p>A) Corsi di laurea triennale Se vuoi fare il passaggio a un corso di laurea triennale in Scienze Politiche o in Scienze dell\u2019Amministrazione e dell\u2019Organizzazione devi verificare se e con quali modalit\u00e0 dovrai sostenere la prova di verifica della preparazione iniziale attraverso il Tolc SPS in modalit\u00e0 TEST@CASA o Test all&#8217;Universit\u00e0. Studente esonerato: cosa devi fare Studente non esonerato: cosa devi fare &nbsp; B) Corsi di laurea magistrale Se vuoi fare il passaggio a un corso di laurea magistrale devi preventivamente verificare se possiedi requisiti curriculari e preparazione personale adeguata. Solo dopo potrai presentare domanda di passaggio. Clicca qui per <a href='https:\/\/segreterie.unica.it\/scienzepolitiche\/passaggi-ai-corsi-ad-accesso-libero\/' class='excerpt-more'>[&#8230;]<\/a><\/p>\n","protected":false},"author":2426,"featured_media":0,"parent":0,"menu_order":0,"comment_status":"closed","ping_status":"closed","template":"","meta":{"footnotes":""},"class_list":["post-3738","page","type-page","status-publish","hentry","post-seq-1","post-parity-odd","meta-position-corners","fix"],"_links":{"self":[{"href":"https:\/\/segreterie.unica.it\/scienzepolitiche\/wp-json\/wp\/v2\/pages\/3738","targetHints":{"allow":["GET"]}}],"collection":[{"href":"https:\/\/segreterie.unica.it\/scienzepolitiche\/wp-json\/wp\/v2\/pages"}],"about":[{"href":"https:\/\/segreterie.unica.it\/scienzepolitiche\/wp-json\/wp\/v2\/types\/page"}],"author":[{"embeddable":true,"href":"https:\/\/segreterie.unica.it\/scienzepolitiche\/wp-json\/wp\/v2\/users\/2426"}],"replies":[{"embeddable":true,"href":"https:\/\/segreterie.unica.it\/scienzepolitiche\/wp-json\/wp\/v2\/comments?post=3738"}],"version-history":[{"count":49,"href":"https:\/\/segreterie.unica.it\/scienzepolitiche\/wp-json\/wp\/v2\/pages\/3738\/revisions"}],"predecessor-version":[{"id":5581,"href":"https:\/\/segreterie.unica.it\/scienzepolitiche\/wp-json\/wp\/v2\/pages\/3738\/revisions\/5581"}],"wp:attachment":[{"href":"https:\/\/segreterie.unica.it\/scienzepolitiche\/wp-json\/wp\/v2\/media?parent=3738"}],"curies":[{"name":"wp","href":"https:\/\/api.w.org\/{rel}","templated":true}]}}