{"id":5979,"date":"2020-06-25T16:50:52","date_gmt":"2020-06-25T14:50:52","guid":{"rendered":"http:\/\/segreterie.unica.it\/medicinaechirurgia\/?page_id=5979"},"modified":"2020-07-21T08:34:12","modified_gmt":"2020-07-21T06:34:12","slug":"modalita-e-termini-presentazione-domande-nulla-osta-trasferimento-in-ingresso-a-a-2020-2021","status":"publish","type":"page","link":"https:\/\/segreterie.unica.it\/medicinaechirurgia\/abbreviazioni-e-trasferimenti-in-ingresso\/modalita-e-termini-presentazione-domande-nulla-osta-trasferimento-in-ingresso-a-a-2020-2021\/","title":{"rendered":"Modalit\u00e0 e termini presentazione domande nulla osta trasferimento in ingresso &#8211; A.A. 2020\/2021"},"content":{"rendered":"<p>La domanda di nulla osta dovr\u00e0 essere presenta dal <strong>(da definire)<\/strong> al\u00a0<strong>(da definire)<\/strong> utilizzando la specifica procedura informatica dedicata presente nella sezione Test di Ammissione dei servizi online agli studenti d&#8217;Ateneo, accedendo al proprio account personale, che dovr\u00e0 obbligatoriamente essere precedentemente creato qualora il richiedente non si fosse gi\u00e0 precedentemente registrato sul portale d&#8217;Ateneo e non sia gi\u00e0 in possesso di un proprio account personale sui servizi online agli studenti. Ai fini dell&#8217;utilizzo della procedura informatizzata di presentazione della candidatura al trasferimento da altro ateneo o abbreviazione di carriera, \u00e8 sufficiente la semplice registrazione anagrafica sul portale d&#8217;Ateneo e il successivo utilizzo delle credenziali di accesso rilasciate dal sistema informatico. Prendere visione della specifica guida contenente l&#8217;elenco dei concorsi configurati ai fini della presentazione delle richieste di rilascio nulla osta al trasferimento\/abbreviazione di carriera, che verr\u00e0 pubblicata sul sito della\u00a0 Segreteria Studenti.<\/p>\n<p><strong>ATTENZIONE: Si invita a verificare con attenzione di avere selezionato correttamente il concorso riservato ai trasferimenti da altro ateneo\/abbreviazione di carriera per il corso di studi di interesse<\/strong>.<\/p>\n<p><strong><span style=\"text-decoration: underline\">Non verranno prese in considerazione domande inoltrate via posta ordinaria o a mezzo raccomandata, via fax, mail o a mezzo posta elettronica certificata. I candidati dovranno obbligatoriamente utilizzare esclusivamente la specifica procedura informatizzata dedicata alla presentazione delle istanze di trasferimento da altra sede\/abbreviazione carriera e della relativa documentazione obbligatoria da allegare<\/span>.<\/strong><\/p>\n<p>La domanda dovr\u00e0 essere redatta utilizzando lo specifico modulo scaricabile dal sito della Segreteria Studenti, e sar\u00e0 disponibile quale allegato scaricabile anche all&#8217;interno della procedura guidata informatizzata di presentazione della richiesta di trasferimento da altro ateneo. Nel modulo in formato pdf a campi compilabili, dovranno essere inseriti:<\/p>\n<ul>\n<li>i dati anagrafici ed il recapito dell\u2019interessato;<\/li>\n<li>l\u2019indicazione dell\u2019Ateneo di provenienza, del corso di studi e dell\u2019anno di corso di iscrizione;<\/li>\n<li>l\u2019indicazione nel dettaglio di tutti gli anni di iscrizione nell\u2019ateneo di provenienza;<\/li>\n<li>l\u2019anno di corso e il corso di studi per il quale si richiede il rilascio del nulla osta;<\/li>\n<li>l\u2019indicazione dell\u2019ordinamento didattico di provenienza;<\/li>\n<li>l\u2019elenco dettagliato di tutti gli esami di profitto superati e crediti acquisiti, con specifica di tutti i relativi dati richiesti;<\/li>\n<li>la data e la firma dell\u2019interessato.<\/li>\n<\/ul>\n<p><strong><span style=\"text-decoration: underline\">Il pagamento dell&#8217;imposta di bollo prevista nell&#8217;istanza di trasferimento da altro ateneo\/abbreviazione di carriera dovr\u00e0 essere effettuato secondo le modalit\u00e0 che verranno indicate nella guida pubblicata sul sito della Segreteria Studenti<\/span><\/strong>.<\/p>\n<p>Alla domanda dovranno essere allegati:<\/p>\n<ul>\n<li>un certificato rilasciato dall\u2019Ateneo di iscrizione riportante l\u2019elenco degli insegnamenti superati, con l\u2019indicazione dei relativi voti, crediti formativi universitari acquisiti e settori scientifico-disciplinari relativi agli esami superati.<\/li>\n<li>i programmi di studio ufficiali di ciascun corso superato.<\/li>\n<\/ul>\n<p>Nel caso in cui, dalle dichiarazioni presentate dall\u2019interessato risultino dichiarazioni false o mendaci, ferme restando le sanzioni previste dal codice penale e dalle leggi speciali in materia (artt. 75 e76 del D.P.R. n. 445\/2000), l\u2019interessato decadr\u00e0 automaticamente dal diritto al trasferimento e da ogni beneficio eventualmente maturato.<\/p>\n<p><strong>I candidati iscritti presso Atenei esteri, devono allegare la documentazione originale rilasciata dalla sede universitaria estera, tradotta e legalizzata dalla sede consolare italiana presso il paese estero di provenienza, ovvero munita di \u201capostille\u201d nel caso di paese aderente alla Convenzione dell\u2019Aja del 5 ottobre 1961, completa di: certificato di iscrizione con indicazione dell\u2019anno di corso di attuale iscrizione e data di prima immatricolazione, esami sostenuti e relativi programmi didattici. Eventuali casi previsti di esenzione dalla legalizzazione della documentazione da produrre, sono valutati sulla base di esistenti accordi e convenzioni stipulati fra l\u2019Italia ed altri paesi.<\/strong><\/p>\n<p><strong>Le domande presentate incomplete, o non corredate del pagamento dell\u2019imposta di bollo, nonch\u00e9 di tutta la documentazione richiesta e degli allegati sopra riportati, non sono prese in considerazione. Non verr\u00e0 data alcuna comunicazione scritta agli interessati.<\/strong><\/p>\n<p>&nbsp;<\/p>\n","protected":false},"excerpt":{"rendered":"<p>La domanda di nulla osta dovr\u00e0 essere presenta dal (da definire) al\u00a0(da definire) utilizzando la specifica procedura informatica dedicata presente nella sezione Test di Ammissione dei servizi online agli studenti d&#8217;Ateneo, accedendo al proprio account personale, che dovr\u00e0 obbligatoriamente essere precedentemente creato qualora il richiedente non si fosse gi\u00e0 precedentemente registrato sul portale d&#8217;Ateneo e non sia gi\u00e0 in possesso di un proprio account personale sui servizi online agli studenti. Ai fini dell&#8217;utilizzo della procedura informatizzata di presentazione della candidatura al trasferimento da altro ateneo o abbreviazione di carriera, \u00e8 sufficiente la semplice registrazione anagrafica sul portale d&#8217;Ateneo e il <a href='https:\/\/segreterie.unica.it\/medicinaechirurgia\/abbreviazioni-e-trasferimenti-in-ingresso\/modalita-e-termini-presentazione-domande-nulla-osta-trasferimento-in-ingresso-a-a-2020-2021\/' class='excerpt-more'>[&#8230;]<\/a><\/p>\n","protected":false},"author":2488,"featured_media":0,"parent":2492,"menu_order":0,"comment_status":"closed","ping_status":"closed","template":"","meta":{"footnotes":""},"class_list":["post-5979","page","type-page","status-publish","hentry","post-seq-1","post-parity-odd","meta-position-corners","fix"],"_links":{"self":[{"href":"https:\/\/segreterie.unica.it\/medicinaechirurgia\/wp-json\/wp\/v2\/pages\/5979","targetHints":{"allow":["GET"]}}],"collection":[{"href":"https:\/\/segreterie.unica.it\/medicinaechirurgia\/wp-json\/wp\/v2\/pages"}],"about":[{"href":"https:\/\/segreterie.unica.it\/medicinaechirurgia\/wp-json\/wp\/v2\/types\/page"}],"author":[{"embeddable":true,"href":"https:\/\/segreterie.unica.it\/medicinaechirurgia\/wp-json\/wp\/v2\/users\/2488"}],"replies":[{"embeddable":true,"href":"https:\/\/segreterie.unica.it\/medicinaechirurgia\/wp-json\/wp\/v2\/comments?post=5979"}],"version-history":[{"count":14,"href":"https:\/\/segreterie.unica.it\/medicinaechirurgia\/wp-json\/wp\/v2\/pages\/5979\/revisions"}],"predecessor-version":[{"id":6132,"href":"https:\/\/segreterie.unica.it\/medicinaechirurgia\/wp-json\/wp\/v2\/pages\/5979\/revisions\/6132"}],"up":[{"embeddable":true,"href":"https:\/\/segreterie.unica.it\/medicinaechirurgia\/wp-json\/wp\/v2\/pages\/2492"}],"wp:attachment":[{"href":"https:\/\/segreterie.unica.it\/medicinaechirurgia\/wp-json\/wp\/v2\/media?parent=5979"}],"curies":[{"name":"wp","href":"https:\/\/api.w.org\/{rel}","templated":true}]}}