{"id":10334,"date":"2025-03-24T10:38:50","date_gmt":"2025-03-24T09:38:50","guid":{"rendered":"https:\/\/segreterie.unica.it\/medicinaechirurgia\/?page_id=10334"},"modified":"2025-08-01T09:43:36","modified_gmt":"2025-08-01T07:43:36","slug":"corso-di-laurea-in-scienze-delle-attivita-motorie-e-sportive-2","status":"publish","type":"page","link":"https:\/\/segreterie.unica.it\/medicinaechirurgia\/ammissioni-ai-corsi-a-numero-programmato\/corso-di-laurea-in-scienze-delle-attivita-motorie-e-sportive-2\/","title":{"rendered":"Corso di laurea in Scienze delle Attivit\u00e0 Motorie e Sportive"},"content":{"rendered":"<div class=\"row\">\n<div class=\"container container-aside\" aria-labelledby=\"maintitle\">\n<p class=\"section-title section-title-leaf section-title-roman title-fc\"><strong>Anno Accademico 2025\/2026<\/strong><\/p>\n<\/div>\n<\/div>\n<div class=\"row\">\n<div class=\"container container-has-aside\">\n<div class=\"container-has-aside__text-container content-container\">\n<p>In questa pagina sono disponibili le informazioni relative all\u2019accesso al corso di laurea ad accesso programmato in Scienze delle Attivit\u00e0 Motorie e Sportive.<\/p>\n<p><strong>Accesso al primo anno<\/strong><\/p>\n<p>\u00c8 previsto un test di ammissione (Tolc-F) erogato dal CISIA, che si svolger\u00e0 in presenza (Tolc all&#8217;universit\u00e0) o a distanza (TOLC@CASA).<\/p>\n<p>Le procedure di accesso complete sono riportate nel bando di ammissione, disponibile nella sezione Albo on line d&#8217;Ateneo (pubblicazione nel mese di luglio).<\/p>\n<p><em><strong>Attenzione<\/strong><\/em>: non vengono accettate modalit\u00e0 o tempistiche di esecuzione delle procedure differenti da quelle indicate nell\u2019avviso di ammissione e nelle pagine del sito di ateneo a cui questo fa esplicito riferimento.<\/p>\n<p><strong>&#8211; Bando di ammissione \u2013 documento completo con modalit\u00e0 e scadenze per l\u2019accesso (<a href=\"https:\/\/web.unica.it\/unica\/protected\/507758\/0\/def\/ref\/GNC297748\/\" target=\"_blank\" rel=\"noopener\"><span style=\"text-decoration: underline\">scarica il bando<\/span><\/a>)<\/strong><\/p>\n<p>&nbsp;<\/p>\n<div class=\"blocco-download\">\n<div class=\"accordion-download blocco-download\">\n<div class=\"accordion-head accordion-a clearfix\">\n<p class=\"opened\"><a class=\"acc_control\"><strong> \u00a0 Avviso di ammissione<\/strong> <\/a><\/p>\n<ul class=\"donwload-container\">\n<li class=\"donwload-element\">Avviso di ammissione<\/li>\n<\/ul>\n<p><strong>Immatricolazioni<\/strong><\/p>\n<p>\u2013 Procedure di immatricolazione<\/p>\n<p>&nbsp;<\/p>\n<p><strong><a href=\"https:\/\/segreterie.unica.it\/medicinaechirurgia\/ammissioni-ai-corsi-a-numero-programmato\/corso-di-laurea-in-scienze-delle-attivita-motorie-e-sportive\/\" target=\"_blank\" rel=\"noopener\">Anno Accademico 2024\/2025<\/a><\/strong><\/p>\n<\/div>\n<\/div>\n<\/div>\n<\/div>\n<\/div>\n<\/div>\n","protected":false},"excerpt":{"rendered":"<p>Anno Accademico 2025\/2026 In questa pagina sono disponibili le informazioni relative all\u2019accesso al corso di laurea ad accesso programmato in Scienze delle Attivit\u00e0 Motorie e Sportive. Accesso al primo anno \u00c8 previsto un test di ammissione (Tolc-F) erogato dal CISIA, che si svolger\u00e0 in presenza (Tolc all&#8217;universit\u00e0) o a distanza (TOLC@CASA). Le procedure di accesso complete sono riportate nel bando di ammissione, disponibile nella sezione Albo on line d&#8217;Ateneo (pubblicazione nel mese di luglio). Attenzione: non vengono accettate modalit\u00e0 o tempistiche di esecuzione delle procedure differenti da quelle indicate nell\u2019avviso di ammissione e nelle pagine del sito di ateneo a <a href='https:\/\/segreterie.unica.it\/medicinaechirurgia\/ammissioni-ai-corsi-a-numero-programmato\/corso-di-laurea-in-scienze-delle-attivita-motorie-e-sportive-2\/' class='excerpt-more'>[&#8230;]<\/a><\/p>\n","protected":false},"author":2488,"featured_media":0,"parent":4090,"menu_order":0,"comment_status":"closed","ping_status":"closed","template":"","meta":{"footnotes":""},"class_list":["post-10334","page","type-page","status-publish","hentry","post-seq-1","post-parity-odd","meta-position-corners","fix"],"_links":{"self":[{"href":"https:\/\/segreterie.unica.it\/medicinaechirurgia\/wp-json\/wp\/v2\/pages\/10334","targetHints":{"allow":["GET"]}}],"collection":[{"href":"https:\/\/segreterie.unica.it\/medicinaechirurgia\/wp-json\/wp\/v2\/pages"}],"about":[{"href":"https:\/\/segreterie.unica.it\/medicinaechirurgia\/wp-json\/wp\/v2\/types\/page"}],"author":[{"embeddable":true,"href":"https:\/\/segreterie.unica.it\/medicinaechirurgia\/wp-json\/wp\/v2\/users\/2488"}],"replies":[{"embeddable":true,"href":"https:\/\/segreterie.unica.it\/medicinaechirurgia\/wp-json\/wp\/v2\/comments?post=10334"}],"version-history":[{"count":3,"href":"https:\/\/segreterie.unica.it\/medicinaechirurgia\/wp-json\/wp\/v2\/pages\/10334\/revisions"}],"predecessor-version":[{"id":10515,"href":"https:\/\/segreterie.unica.it\/medicinaechirurgia\/wp-json\/wp\/v2\/pages\/10334\/revisions\/10515"}],"up":[{"embeddable":true,"href":"https:\/\/segreterie.unica.it\/medicinaechirurgia\/wp-json\/wp\/v2\/pages\/4090"}],"wp:attachment":[{"href":"https:\/\/segreterie.unica.it\/medicinaechirurgia\/wp-json\/wp\/v2\/media?parent=10334"}],"curies":[{"name":"wp","href":"https:\/\/api.w.org\/{rel}","templated":true}]}}