{"id":5298,"date":"2024-07-12T08:58:10","date_gmt":"2024-07-12T06:58:10","guid":{"rendered":"https:\/\/segreterie.unica.it\/cdsgiuridici\/?page_id=5298"},"modified":"2024-07-12T08:58:10","modified_gmt":"2024-07-12T06:58:10","slug":"esoneri-tasse-modulistica","status":"publish","type":"page","link":"https:\/\/segreterie.unica.it\/cdsgiuridici\/esoneri-tasse-modulistica\/","title":{"rendered":"ESONERI TASSE \u2013 MODULISTICA"},"content":{"rendered":"<header class=\"post-header fix\">\n<h1 class=\"posttitle\"><span style=\"font-size: 16px\">Sul sito dell\u2019Ateneo \u00e8 stata pubblicata la modulistica tasse AA 2024\/25 relativa alla richiesta di esonero per:<\/span><\/h1>\n<\/header>\n<div class=\"entry-container fix\">\n<div class=\"entry fix\">\n<ul>\n<li>studenti con disabilit\u00e0 e orfani<\/li>\n<li>studenti con grado di invalidit\u00e0 tra il 50% e il 65%<\/li>\n<li>studenti in situazioni di eccezionale gravit\u00e0<\/li>\n<li>studenti caregiver familiare<\/li>\n<\/ul>\n<p>Link di riferimento:<\/p>\n<p><a href=\"https:\/\/www.unica.it\/it\/didattica\/iscriversi-e-immatricolarsi\/tasse-universitarie\/modulistica\">https:\/\/www.unica.it\/it\/didattica\/iscriversi-e-immatricolarsi\/tasse-universitarie\/modulistica<\/a><\/p>\n<\/div>\n<\/div>\n","protected":false},"excerpt":{"rendered":"<p>Sul sito dell\u2019Ateneo \u00e8 stata pubblicata la modulistica tasse AA 2024\/25 relativa alla richiesta di esonero per: studenti con disabilit\u00e0 e orfani studenti con grado di invalidit\u00e0 tra il 50% e il 65% studenti in situazioni di eccezionale gravit\u00e0 studenti caregiver familiare Link di riferimento: https:\/\/www.unica.it\/it\/didattica\/iscriversi-e-immatricolarsi\/tasse-universitarie\/modulistica<\/p>\n","protected":false},"author":2426,"featured_media":0,"parent":0,"menu_order":0,"comment_status":"closed","ping_status":"closed","template":"","meta":{"footnotes":""},"class_list":["post-5298","page","type-page","status-publish","hentry","post-seq-1","post-parity-odd","meta-position-corners","fix"],"_links":{"self":[{"href":"https:\/\/segreterie.unica.it\/cdsgiuridici\/wp-json\/wp\/v2\/pages\/5298","targetHints":{"allow":["GET"]}}],"collection":[{"href":"https:\/\/segreterie.unica.it\/cdsgiuridici\/wp-json\/wp\/v2\/pages"}],"about":[{"href":"https:\/\/segreterie.unica.it\/cdsgiuridici\/wp-json\/wp\/v2\/types\/page"}],"author":[{"embeddable":true,"href":"https:\/\/segreterie.unica.it\/cdsgiuridici\/wp-json\/wp\/v2\/users\/2426"}],"replies":[{"embeddable":true,"href":"https:\/\/segreterie.unica.it\/cdsgiuridici\/wp-json\/wp\/v2\/comments?post=5298"}],"version-history":[{"count":1,"href":"https:\/\/segreterie.unica.it\/cdsgiuridici\/wp-json\/wp\/v2\/pages\/5298\/revisions"}],"predecessor-version":[{"id":5299,"href":"https:\/\/segreterie.unica.it\/cdsgiuridici\/wp-json\/wp\/v2\/pages\/5298\/revisions\/5299"}],"wp:attachment":[{"href":"https:\/\/segreterie.unica.it\/cdsgiuridici\/wp-json\/wp\/v2\/media?parent=5298"}],"curies":[{"name":"wp","href":"https:\/\/api.w.org\/{rel}","templated":true}]}}