{"id":4582,"date":"2023-06-29T18:42:19","date_gmt":"2023-06-29T16:42:19","guid":{"rendered":"https:\/\/segreterie.unica.it\/cdseconomici\/?page_id=4582"},"modified":"2026-03-13T12:38:34","modified_gmt":"2026-03-13T11:38:34","slug":"4582-2","status":"publish","type":"page","link":"https:\/\/segreterie.unica.it\/cdseconomici\/4582-2\/","title":{"rendered":""},"content":{"rendered":"<ul>\n<li><strong>CONVALIDA CREDITI (CFU) da ABBREVIAZIONE CARRIERA\u00a0(IMA)<\/strong><\/li>\n<\/ul>\n<p><strong>N.B.:<\/strong> questa procedura va effettuata <u>contestualmente alla immatricolazione<\/u> e riguarda coloro che sono gi\u00e0 laureati o coloro che hanno rinunciato o che sono decaduti in una precedente carriera (corsi di laurea, master, corsi singoli, 24 cfu per l\u2019insegnamento, \u2026) e richiedono la valutazione degli esami gi\u00e0 sostenuti ai fini del loro riconoscimento sulla nuova carriera.<\/p>\n<p>1) compila innanzitutto il <strong>FILE EXCEL PREFORMATTATO. <\/strong>Per compilarlo scarica prima il file e poi compilalo<\/p>\n<ul>\n<li><strong>se sei iscritto in Economia e Gestione aziendale, <\/strong><strong>\u00a0trovi il file <a href=\"http:\/\/segreterie.unica.it\/cdseconomici\/files\/2026\/03\/NEW-FORM-EGA-def-13.3.26.xlsx\">NEW FORM EGA def 13.3.26<\/a><\/strong><\/li>\n<\/ul>\n<ul>\n<li>se sei iscritto in &#8211; <strong>Data Science<\/strong>, Business, Analytics ed Innovazione, &#8211; <strong>Economia e Finanza<\/strong>, &#8211; <strong>Economia Finanza e Analisi dei Dat<\/strong>i, &#8211; Economia aziendale e Management, &#8211; <strong>Economia Manageriale<\/strong>, &#8211; <strong>International Management<\/strong>, &#8211; <strong>Management del Turismo e della Sostenibilit\u00e0<\/strong>, &#8211; <strong>Management delle destinazioni e del Turismo Culturale trovi il file <a href=\"http:\/\/segreterie.unica.it\/cdseconomici\/files\/2026\/03\/NEW-FORM-cds-economici-triennali-e-LLMM-tranne-EGA-def-1.xlsx\">QUI<\/a><\/strong><\/li>\n<\/ul>\n<p>2) salva il file denominandolo secondo lo schema logico: \u00a0 IMA_A.A._Nome_COGNOME_Corso di studi di nuova iscrizione \u00a0 (ad esempio: IMA 2023-2024_Mario ROSSI_EGA)<\/p>\n<p>3) compila il <i><strong>f<a href=\"https:\/\/forms.office.com\/e\/64NnMd3BxE\">orm online<\/a><\/strong><\/i> disponibile a questo link:\u00a0<a title=\"https:\/\/forms.office.com\/e\/64nnmd3bxe\" href=\"https:\/\/forms.office.com\/e\/64NnMd3BxE\" target=\"_blank\" rel=\"noreferrer noopener\"><i>https:\/\/forms.office.com\/e\/64NnMd3BxE<\/i><\/a><i>\u00a0<\/i>\u00a0ed allega il file Excel di cui al punto 1 al termine della compilazione del form online.<\/p>\n<p>4) Inserisci il file di riepilogo della tua istanza, nominandolo secondo lo schema logico:\u00a0 \u00a0IMA_2023-24_Nome_COGNOME_Corso di studi di nuova iscrizione \u00a0 (ad esempio: IMA_2023-2024_Mario ROSSI_EGA), all\u2019interno della tua area riservata dei servizi online agli studenti (Esse3) selezionando: CARRIERA &#8211;&gt; ALLEGATI CARRIERA<\/p>\n<p><strong>Le istanze di abbreviazione di corso (IMA) che perverranno alla Segreteria studenti con modalit\u00e0 e formato difforme da quello sopraddetto, saranno irricevibili e non verr\u00e0 pertanto dato seguito all\u2019 istanza di convalida cfu<\/strong><\/p>\n<p>&nbsp;<\/p>\n<ul>\n<li><strong>CONVALIDA CREDITI (CFU) da TRASFERIMENTO IN INGRESSO\u00a0(TRI)<\/strong><\/li>\n<\/ul>\n<p><strong>N.B.:<\/strong> questa procedura riguarda coloro che sono iscritti in altro Ateneo ed intendono proseguire la carriera nell\u2019Ateneo di Cagliari e va questa procedura riguarda coloro che sono iscritti in altro Ateneo ed intendono proseguire la carriera nell\u2019Ateneo di Cagliari. <span class=\"ui-provider a b c d e f g h i j k l m n o p q r s t u v w x y z ab ac ae af ag ah ai aj ak\" dir=\"ltr\">Deve essere iniziata subito dopo aver effettuato l\u2019immatricolazione sul portale di UniCA (area riservata Esse3) \u00a0che \u00e8 procedura preliminare \u00a0e funzionale alla prosecuzione degli studi nel nostro Ateneo<\/span><\/p>\n<p>1) compila innanzitutto il\u00a0<strong>FILE EXCEL PREFORMATTATO. <\/strong>Per compilarlo scarica prima il file e poi compilalo<\/p>\n<ul>\n<li><strong>se sei iscritto in Economia e Gestione aziendale, trovi il file <a href=\"http:\/\/segreterie.unica.it\/cdseconomici\/files\/2025\/09\/NEW-FORM-EGA-def-10.9.2025.xlsx\">qui<\/a><\/strong><\/li>\n<li>se sei iscritto in &#8211; <strong>Data Science<\/strong>, Business, Analytics ed Innovazione, &#8211; <strong>Economia e Finanza<\/strong>, &#8211; <strong>Economia Finanza e Analisi dei Dat<\/strong>i, &#8211; <strong>Economia Manageriale<\/strong>, &#8211; <strong>International Management<\/strong>, &#8211; <strong>Management del Turismo e della Sostenibilit\u00e0<\/strong>, &#8211; <strong>Management delle destinazioni e del Turismo Culturale trovi il file\u00a0<a href=\"http:\/\/segreterie.unica.it\/cdseconomici\/files\/2025\/06\/NEW-FORM-cds-economici-triennali-e-LLMM-tranne-EGA-def.xlsx\">qui<\/a><\/strong><\/li>\n<\/ul>\n<p>2) salva il file denominandolo secondo lo schema logico: \u00a0 IMA_A.A._Nome_COGNOME_Corso di studi di nuova iscrizione \u00a0 (ad esempio: IMA 2023-2024_Mario ROSSI_EGA)<\/p>\n<p>3) compila il <a href=\"https:\/\/forms.office.com\/e\/64NnMd3BxE\"><i><strong>form online<\/strong><\/i><\/a> disponibile a questo link:\u00a0<a title=\"https:\/\/forms.office.com\/e\/64nnmd3bxe\" href=\"https:\/\/forms.office.com\/e\/64NnMd3BxE\" target=\"_blank\" rel=\"noreferrer noopener\"><i>https:\/\/forms.office.com\/e\/64NnMd3BxE<\/i><\/a><i>\u00a0<\/i>\u00a0ed allega il file Excel di cui al punto 1 al termine della compilazione del form online<\/p>\n<p>4) Inserisci il file di riepilogo della tua istanza, nominandolo secondo lo schema logico:\u00a0 TRI_2023-24_Nome_COGNOME_Corso di studi di nuova iscrizione \u00a0 (ad esempio: TRI_2023-2024_Mario ROSSI_EGA), all\u2019interno della tua area riservata dei servizi online agli studenti (Esse3) selezionando: CARRIERA &#8211;&gt; ALLEGATI CARRIERA<\/p>\n<p><strong>Le istanze di trasferimento in ingresso (TRI) che perverranno alla Segreteria studenti con modalit\u00e0 e formato difforme da quello sopraddetto, saranno irricevibili e non verr\u00e0 pertanto dato seguito all\u2019 istanza di convalida cfu<\/strong><\/p>\n<p>&nbsp;<\/p>\n<ul>\n<li><strong>CONVALIDA CREDITI (CFU) DA ALTRE ATTIVITA\u2019<\/strong><\/li>\n<\/ul>\n<p>Questa procedura si effettua, in corso di carriera, per la convalida di altre attivit\u00e0 (tirocini extrauniversitari, attivit\u00e0 seminariali, ulteriori attivit\u00e0\u2026)<\/p>\n<p>1) compila innanzitutto il <a href=\"https:\/\/forms.office.com\/e\/64NnMd3BxE\"><i><strong>form online<\/strong><\/i><\/a> disponibile al link:\u00a0<a title=\"https:\/\/forms.office.com\/e\/64nnmd3bxe\" href=\"https:\/\/forms.office.com\/e\/64NnMd3BxE\" target=\"_blank\" rel=\"noreferrer noopener\"><i>https:\/\/forms.office.com\/e\/64NnMd3BxE<\/i><\/a>a cui puoi accedere con l\u2019account Microsoft attivato al momento dell\u2019immatricolazione. Ricordati di allegare tutta la documentazione di supporto alla tua istanza preferibilmente in formato pdf.<\/p>\n<p>2) Inserisci il file di riepilogo della tua istanza, nominandolo secondo lo schema logico:\u00a0 \u00a0Convalida_2023-24_Nome_COGNOME_Corso di studi di nuova iscrizione \u00a0 (ad esempio: Convalida_2023-2024_Mario ROSSI_EGA), all\u2019interno della tua area riservata dei servizi online agli studenti (Esse3) selezionando: CARRIERA &#8211;&gt; ALLEGATI CARRIERA<\/p>\n<p>2bis) In caso di richiesta di convalida crediti per <strong>attivit\u00e0 extrauniversitarie<\/strong> l\u2019istanza va presentata <strong>in BOLLO. <\/strong>\u00a0Al momento non \u00e8 assolvibile digitalmente o tramite PagoPA.<\/p>\n<p>Pertanto, per questa tipologia di istanza, dopo aver compilato il form online, dovrai anche stampare la prima pagina del file di riepilogo ottenuto dalla procedura ed applicare l\u2019imposta di bollo da 16 euro in uno spazio libero della pagina. Il prima possibile, consegna poi il tutto in Segreteria studenti negli orari di apertura sportello &#8211; anche tramite delegato &#8211; od inviacelo a mezzo posta<\/p>\n<p><strong>Le istanze di convalida crediti che perverranno alla Segreteria studenti con modalit\u00e0 e formato difformi da quello sopraddetto, saranno irricevibili e non verr\u00e0 pertanto dato seguito all\u2019 istanza di convalida cfu<\/strong><\/p>\n<p>&nbsp;<\/p>\n<p>&nbsp;<\/p>\n","protected":false},"excerpt":{"rendered":"<p>CONVALIDA CREDITI (CFU) da ABBREVIAZIONE CARRIERA\u00a0(IMA) N.B.: questa procedura va effettuata contestualmente alla immatricolazione e riguarda coloro che sono gi\u00e0 laureati o coloro che hanno rinunciato o che sono decaduti in una precedente carriera (corsi di laurea, master, corsi singoli, 24 cfu per l\u2019insegnamento, \u2026) e richiedono la valutazione degli esami gi\u00e0 sostenuti ai fini del loro riconoscimento sulla nuova carriera. 1) compila innanzitutto il FILE EXCEL PREFORMATTATO. Per compilarlo scarica prima il file e poi compilalo se sei iscritto in Economia e Gestione aziendale, \u00a0trovi il file NEW FORM EGA def 13.3.26 se sei iscritto in &#8211; Data Science, <a href='https:\/\/segreterie.unica.it\/cdseconomici\/4582-2\/' class='excerpt-more'>[&#8230;]<\/a><\/p>\n","protected":false},"author":2426,"featured_media":0,"parent":0,"menu_order":0,"comment_status":"closed","ping_status":"closed","template":"","meta":{"footnotes":""},"class_list":["post-4582","page","type-page","status-publish","hentry","post-seq-1","post-parity-odd","no-title","meta-position-corners","fix"],"_links":{"self":[{"href":"https:\/\/segreterie.unica.it\/cdseconomici\/wp-json\/wp\/v2\/pages\/4582","targetHints":{"allow":["GET"]}}],"collection":[{"href":"https:\/\/segreterie.unica.it\/cdseconomici\/wp-json\/wp\/v2\/pages"}],"about":[{"href":"https:\/\/segreterie.unica.it\/cdseconomici\/wp-json\/wp\/v2\/types\/page"}],"author":[{"embeddable":true,"href":"https:\/\/segreterie.unica.it\/cdseconomici\/wp-json\/wp\/v2\/users\/2426"}],"replies":[{"embeddable":true,"href":"https:\/\/segreterie.unica.it\/cdseconomici\/wp-json\/wp\/v2\/comments?post=4582"}],"version-history":[{"count":36,"href":"https:\/\/segreterie.unica.it\/cdseconomici\/wp-json\/wp\/v2\/pages\/4582\/revisions"}],"predecessor-version":[{"id":5503,"href":"https:\/\/segreterie.unica.it\/cdseconomici\/wp-json\/wp\/v2\/pages\/4582\/revisions\/5503"}],"wp:attachment":[{"href":"https:\/\/segreterie.unica.it\/cdseconomici\/wp-json\/wp\/v2\/media?parent=4582"}],"curies":[{"name":"wp","href":"https:\/\/api.w.org\/{rel}","templated":true}]}}